{"id":213,"date":"2017-03-29T23:21:21","date_gmt":"2017-03-29T23:21:21","guid":{"rendered":"http:\/\/armdrew.pl\/?page_id=213"},"modified":"2024-02-28T23:27:45","modified_gmt":"2024-02-28T23:27:45","slug":"kontakt","status":"publish","type":"page","link":"https:\/\/armdrew.dziadu.pl\/index.php\/kontakt\/","title":{"rendered":"Kontakt"},"content":{"rendered":"<blockquote><p>Administrator -Jakoby tw\u00f3rcy chcieliby pozosta\u0107 w miar\u0119 anonimowi, je\u017celi chodzi o szpiegostwo internetowe, to jedynie m\u00f3g\u0142bym okre\u015bli\u0107 ich w kilku s\u0142owach.<\/p><\/blockquote>\n<p><img loading=\"lazy\" decoding=\"async\" class=\"alignnone wp-image-369 size-full\" src=\"http:\/\/armdrew.dziadu.pl\/wp-content\/uploads\/2017\/03\/mroz-e1490914054400.jpg\" alt=\"\" width=\"120\" height=\"92\" \/>Marcin Mr\u00f3\u017c (Misiek) &#8211; Obr\u00f3bka ubytkowa-szlifowanie &#8211; utrzymanie ruchu. Zawsze wybierany przez grono na ochotnika do wszelkiego rodzaju przem\u00f3wie\u0144 i wyst\u0105pie\u0144 w mediach.<\/p>\n<p><img loading=\"lazy\" decoding=\"async\" class=\"alignnone wp-image-368 size-full\" src=\"http:\/\/armdrew.dziadu.pl\/wp-content\/uploads\/2017\/03\/kATb7Mki4-e1490914069530.jpg\" alt=\"\" width=\"120\" height=\"90\" \/><\/p>\n<p>Wojtek Gancarski (Wojo) &#8211; Projektowanie CAD CAM, konstruktor i grafik. Marzyciel&#8230; jest w stanie narysowa\u0107 wizualny projekt w notatniku.<\/p>\n<p><img loading=\"lazy\" decoding=\"async\" class=\"alignnone wp-image-370 size-full\" src=\"http:\/\/armdrew.dziadu.pl\/wp-content\/uploads\/2017\/03\/T-OZON-e1490914080907.jpg\" alt=\"\" width=\"120\" height=\"80\" \/><\/p>\n<p>Tomasz Ozon (drugie imi\u0119 Fenomen)-\u00a0\u00a0Transfer CAM, programista. Prawdopodobnie &#8220;Matrix&#8221; wzorowa\u0142 si\u0119 na sposobie jego procesu my\u015blenia&#8230; 01010110101011010101<\/p>\n<p><img loading=\"lazy\" decoding=\"async\" class=\"alignnone wp-image-367 size-full\" src=\"http:\/\/armdrew.dziadu.pl\/wp-content\/uploads\/2017\/03\/bear-e1490914090916.jpg\" alt=\"\" width=\"120\" height=\"180\" \/>\u00a0Waldemar Fedak (Misiek) &#8211; Mechanik okr\u0119towy, obr\u00f3bka skrawanie, odpowiedzialny za badania materia\u0142\u00f3w i ich w\u0142asno\u015bci. Jak ka\u017cdy mi\u015b lubi co\u015b s\u0142odkiego.<\/p>\n<p>[contact-form-7 id=&#8221;386&#8243; title=&#8221;G\u0142owny formularz&#8221;]<\/p>\n","protected":false},"excerpt":{"rendered":"<p>Administrator -Jakoby tw\u00f3rcy chcieliby pozosta\u0107 w miar\u0119 anonimowi, je\u017celi chodzi o szpiegostwo internetowe, to jedynie m\u00f3g\u0142bym okre\u015bli\u0107 ich w kilku s\u0142owach. Marcin Mr\u00f3\u017c (Misiek) &#8211; Obr\u00f3bka ubytkowa-szlifowanie &#8211; utrzymanie ruchu. Zawsze wybierany przez grono na ochotnika do wszelkiego rodzaju przem\u00f3wie\u0144 i wyst\u0105pie\u0144 w mediach. Wojtek Gancarski (Wojo) &#8211; Projektowanie CAD CAM, konstruktor i grafik. Marzyciel&#8230; &hellip; <a href=\"https:\/\/armdrew.dziadu.pl\/index.php\/kontakt\/\" class=\"more-link\">Continue reading<span class=\"screen-reader-text\"> &#8220;Kontakt&#8221;<\/span><\/a><\/p>\n","protected":false},"author":1,"featured_media":0,"parent":0,"menu_order":0,"comment_status":"closed","ping_status":"closed","template":"","meta":{"footnotes":""},"_links":{"self":[{"href":"https:\/\/armdrew.dziadu.pl\/index.php\/wp-json\/wp\/v2\/pages\/213"}],"collection":[{"href":"https:\/\/armdrew.dziadu.pl\/index.php\/wp-json\/wp\/v2\/pages"}],"about":[{"href":"https:\/\/armdrew.dziadu.pl\/index.php\/wp-json\/wp\/v2\/types\/page"}],"author":[{"embeddable":true,"href":"https:\/\/armdrew.dziadu.pl\/index.php\/wp-json\/wp\/v2\/users\/1"}],"replies":[{"embeddable":true,"href":"https:\/\/armdrew.dziadu.pl\/index.php\/wp-json\/wp\/v2\/comments?post=213"}],"version-history":[{"count":25,"href":"https:\/\/armdrew.dziadu.pl\/index.php\/wp-json\/wp\/v2\/pages\/213\/revisions"}],"predecessor-version":[{"id":425,"href":"https:\/\/armdrew.dziadu.pl\/index.php\/wp-json\/wp\/v2\/pages\/213\/revisions\/425"}],"wp:attachment":[{"href":"https:\/\/armdrew.dziadu.pl\/index.php\/wp-json\/wp\/v2\/media?parent=213"}],"curies":[{"name":"wp","href":"https:\/\/api.w.org\/{rel}","templated":true}]}}